 w.
33
Calculate the remainder when 66 is divided by ((-3)/4)/(207/(-5244)).
9
Let k = -21 + 48. Let x be 5/(-1) - -1 - -8. Suppose x*z - 109 = 315. Calculate the remainder when z is divided by k.
25
Suppose 14*t = -6*t + 400. Calculate the remainder when 50 is divided by t.
10
Calculate the remainder when -14*(-4)/(-8)*(-9 - -3) is divided by 18.
6
Suppose 6 + 10 = 2*w. Suppose 8 = a - w. Let v = 84 + -38. What is the remainder when v is divided by a?
14
Suppose 138 - 38 = 4*b. Let k be 1 - -3 - (3 + 0). Calculate the remainder when (-9)/(k + (-36)/33) is divided by b.
24
Let t(l) = -3*l - l**2 - l**3 - 8 - 6*l**2 - 1. Calculate the remainder when 81 is divided by t(-7).
9
Suppose -5*g + 8*g = -45. Calculate the remainder when 83 + 6/(-10) + (-54)/g is divided by 29.
28
Let v(g) = 2*g + 12. Let c be v(-8). Let r = c + 13. Let i = -6 + r. Calculate the remainder when 10 is divided by i.
1
Let x = -363 + 412. Calculate the remainder when 304 is divided by x.
10
Suppose 4*p = 18 - 6. Suppose 2*v - 7*v = 3*j + 20, -4*v = 4*j + 16. Suppose j = p*b + b - 392. What is the remainder when b is divided by 25?
23
Let b(q) = -q**2 + 11*q - 8. Let m be b(6). Suppose -3*c + 25 = m. Calculate the remainder when 3 is divided by c.
0
Suppose 3 = -45*x + 46*x. Suppose b = 3*s - 77, x*s + 4*b = 22 + 45. Calculate the remainder when 38 is divided by s.
13
Let q(b) = -b + 11*b**2 + 41*b**2 - 13 + 14. Calculate the remainder when q(1) is divided by 5.
2
Let z be ((-51)/34)/((2/(-4))/1). Calculate the remainder when 232/z + (-4)/(-6) is divided by 16.
14
Suppose 3*i = -2*m + i + 712, -4 = 4*i. Suppose 2*z + z = m. What is the remainder when z is divided by 40?
39
Let f(k) = -k + 8. Let t be f(11). Let v(y) = y**3 + 6*y**2 - 4*y + 3. What is the remainder when (50 - t) + 0 + 0 is divided by v(-6)?
26
Let d(o) = 3*o**2 + 7*o + 16. Let v be d(8). Suppose -v = -0*m - 12*m. What is the remainder when 129 is divided by m?
19
Suppose -55 - 1 = 4*w. Let s be (-48)/(-26) + w/(-91). What is the remainder when (-4 - s)*-1*7 is divided by 15?
12
Suppose -20 = -21*g + 1. Let h(i) = 3 + 15*i**2 - 2*i - 2 + 2. What is the remainder when 31 is divided by h(g)?
15
Suppose -3*d + 28 = g - 113, 94 = 2*d - g. What is the remainder when d is divided by 35?
12
Let m = -1 - 1. Let q be (16 + -13)/(3/m). What is the remainder when (-782)/(-51)*(-3)/q is divided by 12?
11
Let g(a) = 9*a**3 - 3*a**2 + 2*a - 1. Let z be (9 + -2)/(1/(-6)). What is the remainder when g(2) is divided by 14/z - (-134)/6?
19
Let r(m) = 21*m**2 + 5*m - 19 - 20*m**2 + 11*m. Calculate the remainder when r(-18) is divided by 4.
1
Suppose -k = -2*s + 2*k + 35, 3*s = 2*k + 40. Calculate the remainder when (-6)/(-21) - 194/(-7) is divided by s.
8
Calculate the remainder when 294 is divided by (63/(-28))/(6/352*-4).
30
Suppose -l - 1 = -11. Let g(t) = 7*t**2 - 2*t - 3. Let n be g(3). Suppose 0 = 4*r - 2*r - n. What is the remainder when r is divided by l?
7
Let u be 46*(15/6 - 2). Let y(v) = -v**3 + 22*v**2 + 25*v - 43. Calculate the remainder when y(u) is divided by 2.
1
Let j(b) = -5*b - 39. What is the remainder when 249 is divided by j(-12)?
18
Let o(t) be the first derivative of t**4/4 + 2*t**3 + 5*t**2/2 + 14*t - 10. What is the remainder when 54 is divided by o(-5)?
12
Let x = -147 + 118. Let l = 46 + x. What is the remainder when 64 is divided by l?
13
Let a = -6303 - -6360. Calculate the remainder when a is divided by 30/((3 - 1) + -1).
27
Suppose -q = 2*n - 24, -4*n - q = -5*q - 36. Let o be 3/6*(15 - -1). What is the remainder when ((-90)/(-8))/(3/o) is divided by n?
8
Let q(y) = -y**2 - 20*y - 26. Calculate the remainder when 388 is divided by q(-18).
8
Let r = 52 - 24. Let g = r - 16. Suppose -3*l - 2*h + 124 = l, 4*l + h = 128. What is the remainder when l is divided by g?
9
Calculate the remainder when ((-53)/3 - 11)*(-9)/2 is divided by 7.
3
Suppose -13*a + 0*a - 13 = 0. What is the remainder when (a - 0 - 1)/((-2)/34) is divided by 19?
15
Let t(h) = h**3 + 8*h**2 + 5*h + 9. Let b = -89 + 104. What is the remainder when t(-7) is divided by b?
8
Suppose -6*x = 5*x - 968. Let c = 26 + -8. Calculate the remainder when x is divided by c.
16
Suppose -k + 0*k = 0. Suppose p - 3 = -k*p. Calculate the remainder when 4 is divided by p.
1
Suppose -2*l - 3*l = -2*z - 8, -5*l + z = -9. Suppose 0*f = l*f - 60. What is the remainder when f is divided by 17?
13
Let s(z) = 29*z**2 - 8*z - 19. Calculate the remainder when 787 is divided by s(-2).
109
Let j be (55/(-3))/(12/(-36)). Let q = 2 - j. Let u = 90 + q. Calculate the remainder when u is divided by 13.
11
Calculate the remainder when 119 is divided by (((-45)/6)/1)/(48/(-128)).
19
Let w = -362 - -389. What is the remainder when 79 is divided by w?
25
Let s(m) = 6*m + 130. Calculate the remainder when 18 is divided by s(-20).
8
Suppose 8*f - 17*f = -612. Calculate the remainder when 257 is divided by f.
53
Calculate the remainder when 18 + ((-1)/6)/((-3)/54) is divided by 2.
1
What is the remainder when (-1)/(-4) - (-2008)/32 is divided by (3/(-4))/(178/(-88) - -2)?
30
Suppose 2*r - 3*r = -5, 1 = -h + r. Suppose -4*u + 22 = -3*a + a, 2*a + 2 = 0. Suppose -u*p + 29 = -1. What is the remainder when p is divided by h?
2
Suppose -3*d + 5*m = 13, 6*d - 26 = 2*d - 2*m. Suppose 0*p - 4*p + 16 = 3*y, -3*y + d*p - 16 = 0. Let a = y + 17. What is the remainder when 65 is divided by a?
14
Suppose 2*b + 3*b - 14 = -3*w, -2*w = 4. Let d = 1724 - 1670. Calculate the remainder when d is divided by b.
2
Let j = 2 - -7. Suppose -98 = 12*g - 290. Calculate the remainder when g is divided by j.
7
Suppose -18 = -5*n + 62. Let h(r) = -7*r**2 + 29*r + 5. What is the remainder when n is divided by h(4)?
7
Let k(j) = j**2 + 9*j + 9. Let q be k(-10). Let p = q - 16. Suppose 5*o = -p*x + 26, o + 2 = -x + 8. Calculate the remainder when 6 is divided by o.
2
Calculate the remainder when (-417)/(6 - (11 + -2)) is divided by 6.
1
Suppose -2*u - 6 = -2*t, 0 = 4*t + u - 5 - 2. Calculate the remainder when 15 is divided by 13/13*(0 + t*4).
7
Suppose v - 2*v + 1 = 0. Let d be (v - 7/3)*-3. Suppose 0 = 2*z - d*z + 8. What is the remainder when 6 is divided by z?
2
Suppose -4*s + 1 = 5*o, 3*s = o - 1 + 16. Suppose -m = -0*m + s*p - 32, m - 32 = -2*p. Calculate the remainder when m is divided by 17.
15
Suppose -7*u + 3*u + 408 = 0. What is the remainder when u is divided by 99?
3
Suppose 5*r - r - 60 = 0. Suppose -24 = -14*s + 10*s. Calculate the remainder when r is divided by s.
3
Let y = 15 - 8. Suppose -80 = -4*z - 4*h, -4*z + 2*h = -y - 55. Calculate the remainder when 33 is divided by z.
16
Suppose -6*f = -9*f + 30. Suppose -a - a = -f. Let p = 1 + 8. What is the remainder when p is divided by a?
4
Suppose 3*r - 3 + 12 = 0. Suppose 12*d - 11*d = 13. Calculate the remainder when (-113)/r - 12/18 is divided by d.
11
Let x(y) = 12*y**2 - 6*y - 7. Let a be x(5). Let g = -94 + a. Let h = -92 + g. Calculate the remainder when h is divided by 20.
17
Let v = 56 + -153. Let j be 152 - (-7)/(7/(-2)). Let f = v + j. What is the remainder when f is divided by 18?
17
Let f = -16 + 91. Let s = 90 - f. Calculate the remainder when 89 is divided by s.
14
Let b = 42 - -82. Let r = 130 - b. Suppose -4*h + 0*y + y = -23, -3*h + 6 = 3*y. What is the remainder when r is divided by h?
1
Let g = -479 - -505. What is the remainder when g is divided by 7?
5
Let i = -797 + 843. Suppose 2*c - 69 = -9. Let h = c + -18. What is the remainder when i is divided by h?
10
Suppose 0 = -k + 5 + 7. Suppose -3*x - 3 = -4*m + 1, -2*m = 2*x - 16. Suppose y = 3*q + 19, -x*y + 38 + 93 = -q. What is the remainder when y is divided by k?
10
Suppose 2*z - 6 = 192. Let o = 8246 + -8221. Calculate the remainder when z is divided by o.
24
Let o(k) = -50*k**3 - 4*k**2 - k + 2. Suppose -5*w + 39 = -2*w. What is the remainder when o(-1) is divided by w?
10
Suppose -67 - 188 = -17*x. What is the remainder when -1 + (-2 + 4)*29 is divided by x?
12
Suppose -3*h = -6, 0*h = -t - h + 73. Suppose 4*f = 3 + 9. Suppose f*q - t - 70 = 0. What is the remainder when q is divided by 12?
11
Suppose -2*x = -275 - 121. Let r = -17 - -34. Suppose x = 5*i + 2*q, i - 4*q - r - 27 = 0. Calculate the remainder when i is divided by 21.
19
Let l(n) = n**3 + 8*n**